e -w*b = -c - 71. What is the greatest common factor of 9 and b?
9
Let i = 9 - 36. Let a = i - -35. Suppose 43 + 29 = n. What is the highest common divisor of n and a?
8
Suppose -5*v + 15 = 0, 31 = 5*h + 2*v + 5. Suppose 3*y - 2 - h = 0. Let j be 2 - (-53)/(2/y). What is the greatest common factor of 11 and j?
11
Let p be ((-16)/(-24))/(4/(-138)). Let c = 19 - p. What is the highest common factor of 28 and c?
14
Let x = 164 - 116. What is the highest common factor of x and 4?
4
Let i(l) = -l**3 - 3*l**2 - 2*l - 3. Let w be (-30)/8 - 4/16. Let g be i(w). What is the greatest common factor of 3 and g?
3
Suppose 0 = 3*g + 3*q, 3*g = -g - 5*q - 5. Suppose 4*a + 3*u - 17 = 22, -10 = -2*u. Let f be (-240)/(-18)*a/g. What is the greatest common factor of 80 and f?
16
Let i be 4 + (1068/72 - 2/(-12)). What is the greatest common divisor of i and 247?
19
Let o(b) = 5*b**2 - 8*b + 20. Let c be o(2). Suppose -3*s + 13 + 5 = 0. Calculate the highest common factor of s and c.
6
Let u be 4/10 - 152/(-20). Calculate the highest common factor of u and 40.
8
Suppose -5*p = -x, -3*x = 2*p - 0*p - 85. Let c = -19 + x. Let i(b) = -6*b + 6. Let q be i(-7). What is the highest common divisor of c and q?
6
Let r = 172 + -127. What is the highest common factor of r and 135?
45
Suppose 2*o - 7 = 3*f, -3*o - 2*f + 6 - 2 = 0. Calculate the highest common factor of o and 16.
2
Let b(z) = -1 + 7*z**2 - 3*z - 2*z + z**3 - 2*z**3. Let r be b(6). Let q be (-1 + 0)/(r/(-195)). Calculate the greatest common factor of 13 and q.
13
Suppose 0 = -u + 61 - 1. Suppose -11 - 7 = -3*q. Calculate the highest common factor of u and q.
6
Suppose -3*m - 49 = -4*t + 5*t, -m - 19 = 3*t. Let l be (-9)/6*m/3. Let d be 50/(-4)*16/(-5). What is the greatest common factor of l and d?
8
Let f(h) = -6*h - 4 + 2*h + 2. Let b be f(-4). Suppose -x - 3 = -b. Calculate the highest common divisor of x and 22.
11
Suppose -4*b + 6 = -18. Suppose b*a = 5*a. Suppose -10 = -a*y - 2*y. What is the highest common divisor of y and 45?
5
Let r(x) = -5*x**2 - x + 1. Let w be r(1). Let b be (-5)/(w/(-3)) + 9. What is the greatest common divisor of b and 48?
6
Suppose l - 12 = -2*l. Suppose -o + 3*g + g = -17, l*g = 4*o - 32. Suppose o*w = 10, 0*w = 5*s - w - 13. What is the greatest common divisor of 6 and s?
3
Let y be -1 + 5 + -1 + 15. What is the highest common divisor of 198 and y?
18
Let a(v) = -v**2 + 10*v - 11. Let i be a(8). Let x = -3 + i. Calculate the greatest common factor of x and 5.
1
Let f = 464 - 256. Calculate the greatest common factor of 16 and f.
16
Let r be (-3)/2*(-8)/(-3). Let c = r - -12. What is the highest common divisor of c and 4?
4
Suppose -5*l = -57 + 32. Suppose h + 4 - 33 = -v, 3*v - h = 71. Calculate the greatest common divisor of l and v.
5
Let z(t) = -2*t**3 - 3*t**2 - t + 4. Let w be z(-4). Let p(g) = -5*g + 183. Let v be p(35). What is the greatest common factor of w and v?
8
Let m = 80 - 78. What is the greatest common factor of 16 and m?
2
Let d = 18 + -11. Suppose d = 3*j - 2*j. Let p(v) = 2*v**3 - 2*v**2 - 2*v + 3. Let x be p(2). Calculate the highest common divisor of j and x.
7
Let l = 37 + -13. What is the greatest common divisor of l and 6?
6
Let j(s) = s**3 - s**2 - 6*s + 9. Let o be (-3 - -3)*(-2)/4. Suppose -w - 4*w + 30 = o. Let y be j(w). What is the highest common divisor of y and 17?
17
Let j be (-129)/2*6/(-9). Suppose -2*v + j + 27 = 0. Calculate the highest common divisor of 14 and v.
7
Suppose 2*x + 5 = 3*x - u, u + 9 = 5*x. Let k be ((-12)/5)/(6/(-20)). Calculate the highest common divisor of k and x.
1
Let l be ((-11)/(-2))/(4/88). Let a(k) = -k**2 + 13*k - 2. Let y be a(9). Suppose y = 5*m - 21. What is the greatest common divisor of l and m?
11
Let c be (-387)/(-45) + 4/10. Calculate the greatest common factor of c and 1.
1
Suppose -2*c = -4*g + 42, 4*g = 2*c - 3*c + 51. Calculate the highest common factor of 108 and g.
12
Let u be (-3065)/(-35) - 3/(-7). What is the greatest common divisor of u and 11?
11
Let x be 6 + 2*3/(-2). Suppose -5*j + 18 = 3*m, -j + 2*m + 11 = -x. Calculate the highest common divisor of j and 30.
6
Suppose -q + 228 = 2*q. Suppose -b + q + 8 = 0. What is the highest common divisor of b and 12?
12
Let u be (-7 + -1 - -2)*-2. Let x be (-45)/20*(-120)/9. What is the greatest common divisor of u and x?
6
Suppose -2*q - 247 = 4*s + q, -3*s + 4*q = 154. Let t = 27 - s. Let c = 75 - 41. Calculate the highest common divisor of c and t.
17
Suppose 0 = 23*b + 8*b - 930. Let j = 35 - -10. Calculate the highest common divisor of b and j.
15
Let o be (-2)/(-7) + (-150)/(-14). Suppose 8 = -2*x - 2. Let k = 126 + x. Calculate the highest common factor of o and k.
11
Suppose -5*g + 89 = -81. What is the greatest common factor of 85 and g?
17
Let l(i) = i**2 + 3*i - 7. Let j = -5 - 0. Let z be l(j). Let f be 2 - z/((-3)/5). What is the greatest common divisor of f and 21?
7
Suppose 0*t = 3*d + 2*t - 170, -2*d - t + 114 = 0. Let r = -40 + d. Calculate the highest common factor of r and 12.
6
Suppose 0 = -3*n - 5*g + 260, 2*g - 45 - 42 = -n. Calculate the highest common factor of n and 34.
17
Let d = 103 + -30. Suppose 5*b - d = -13. What is the greatest common divisor of 6 and b?
6
Suppose -x + 26 = 4*r, -r + 2*x - 1 = -3. Let o be 11 - -3*(-2)/3. What is the greatest common factor of o and r?
3
Let r(i) = i - 4. Let y be r(6). Suppose -2*x - 3 = 5*l - 5, -42 = -y*x + 5*l. Calculate the highest common factor of x and 121.
11
Suppose -10*q + 52 = -6*q. Suppose 4*x = -3*n + 453, -x - 6*n + 107 = -4*n. Calculate the highest common divisor of x and q.
13
Let w(c) = c - 6. Let y be w(8). Let b be (-2 - (-56)/10)*5. Calculate the greatest common divisor of b and y.
2
Suppose -q = -0*q - 28. Calculate the greatest common factor of q and 28.
28
Suppose 4*h - 5*j - 27 = 0, 21 + 6 = 5*h - 4*j. Let d be (-2)/h - 408/(-18). What is the highest common divisor of 33 and d?
11
Suppose s - 73 = -63. What is the greatest common factor of s and 40?
10
Suppose -5*a = 168 - 753. Suppose -5*l - 12 = -4*k - 97, -12 = l + 5*k. What is the highest common divisor of a and l?
13
Let n = 224 - 98. Let i = -14 - -32. What is the greatest common divisor of i and n?
18
Suppose 3*n + n + 3*v - 124 = 0, 0 = -3*n + 2*v + 110. Let y = 10 + -8. Suppose a = -y*b - 2, -b - n = a - 6*a. Calculate the highest common factor of 15 and a.
3
Suppose 4*h = -3*i + 5, 0*i + 14 = 5*h - 4*i. Let r(v) = -h*v + 59 + 84 - v**2 + v. Let s be r(0). Calculate the greatest common divisor of s and 13.
13
Let m be (-7 - 0)*1*-1. Let p be (-2 - 146/2)/(-1). Suppose 0 = -2*w - 5 + p. What is the highest common factor of w and m?
7
Let f(c) = -2*c + 3. Let w be f(-4). Let g be -1*(3 - 3) + 110. Suppose 3*d - 8*d = -g. Calculate the greatest common divisor of d and w.
11
Let p be (-1 - 1)*(-3 + 2). Let s be (-3)/(-12) + 14/8. Suppose s*g + 12 = 4*g. What is the greatest common factor of p and g?
2
Let v be 10/3*48/5. Let g(h) = -h + 1. Let o be g(-7). What is the greatest common factor of v and o?
8
Suppose 3*l - 4*l + 11 = 0. Let j(q) = 6*q**2 - q - 2*q**2 - 3*q**2 - 4 + 3*q. Let b be j(-5). Calculate the highest common divisor of l and b.
11
Let y be (4/(12/(-33)))/(-1). Suppose -6*m = -y*m + 150. Calculate the highest common factor of 20 and m.
10
Suppose 11*a - 16*a + 290 = 0. Let d = a + -33. What is the greatest common divisor of d and 75?
25
Let t(b) = -b**3 + 10. Let z be t(0). Let p(k) = -k**3 - 2*k - 2. Let h be p(-2). Calculate the highest common factor of h and z.
10
Let f(p) = -p**2 - 9*p - 8. Let h be f(-7). Suppose 0 = c + t - 25, -2*t - t - 45 = -3*c. Let n = c - 8. What is the highest common divisor of n and h?
6
Let w be 19 - -1 - (14 - 15). Calculate the highest common factor of w and 21.
21
Let s be (-4 - -3)/((-2)/(-14)). Let x = s - -11. What is the highest common divisor of 36 and x?
4
Suppose 10 = 5*o - 5. Suppose -5*z + 98 = -r, o*r = 7*r - 8. What is the highest common divisor of z and 180?
20
Suppose 3*o - 42 = -5*v + o, v - 13 = -5*o. What is the highest common divisor of 1 and v?
1
Let g(w) = 2*w**2 - 2. Let u be g(13). Calculate the greatest common factor of u and 42.
42
Let r(m) = -m**3 + 5*m**2 + 3*m - 1. Let i be r(5). Let h be ((-64)/(-6))/(3/(-9)). Let u = 80 - h. Calc